 Calculate the remainder when 43 is divided by j.
10
Suppose 10*v = 1167 + 63. Calculate the remainder when v is divided by 49.
25
What is the remainder when 407 is divided by 74 + -1 + 35/28*-4?
67
Let b(g) = g**2 + 2*g + 6. Let d be b(0). Suppose -f = -d*f + 150. What is the remainder when f is divided by 8?
6
Suppose 53*m - 25*m - 1064 = 0. What is the remainder when m is divided by 32?
6
Let n(h) = -h + 13. Calculate the remainder when 57 is divided by n(-16).
28
Let l be (-2)/(-4) + -54*1/(-4). Let j(p) = 3*p - 33. Calculate the remainder when 23 is divided by j(l).
5
Let d be (-8)/(-24) - 4/(-6). Let i = d - -4. Let j(c) = -c**3 + 6*c**2 + c - 2. Calculate the remainder when j(i) is divided by 15.
13
Let j(a) = 54*a + 6. What is the remainder when j(1) is divided by 39?
21
Suppose -6*m + 7*m - 37 = 0. Let p = m - 24. Calculate the remainder when ((-41)/5 + -2)/(1/(-5)) is divided by p.
12
Suppose 0 = -3*t - 5*v + 42, -3*t + 59 = -3*v + 17. Suppose 5*m + t = 7*m. Calculate the remainder when 27 is divided by m.
6
Suppose 0*z - 15 = -5*z. Suppose -2*r - 6 = r + z*p, -5*p - 20 = 0. Calculate the remainder when r is divided by 1.
0
Suppose -4*r = -5*m - 6, 3*m - 7 + 17 = 4*r. Suppose 114 = 2*k - m*q, -q - 104 = -3*k + 57. Let v = -13 + k. Calculate the remainder when v is divided by 14.
11
Let k = 26 - 16. Let t = -10 + k. Suppose -3*r = 4*w - 34, t*r + 4*w = 2*r + 4. Calculate the remainder when 11 is divided by r.
5
Suppose -v = 3*v - j - 56, -2*j = -3*v + 47. What is the remainder when 179 is divided by v?
10
Let q(s) = 6*s - 42. Let a be q(10). Suppose 0*r = 2*y - r - a, -48 = -4*y - r. What is the remainder when 60 is divided by y?
5
Calculate the remainder when 164 is divided by 62 - (1/(-7))/(11/(-385)).
50
Let b be (-4)/16 + 7/(-4). Let a(u) = -11*u - 5. Let w = 36 - 5. What is the remainder when w is divided by a(b)?
14
Suppose g + 5*n - 11 = 0, -4*g + 49 = 5*n - 55. Calculate the remainder when 71 is divided by g.
9
Calculate the remainder when ((-8)/(-2))/(18/45) is divided by 1 - (-2)/(8/20).
4
Let a(s) = -s**3 - 7*s**2 - 2*s. Let l = 3 + -9. Let h be a(l). Calculate the remainder when 63 is divided by (-100)/5*h/15.
31
Let z(h) = 5*h - 94. Suppose 76 + 64 = 5*i. What is the remainder when z(i) is divided by (-7 - 3)*(-12)/10?
10
Let w(p) = -9*p - 49. Let y be w(-10). Suppose -3*d + y + 25 = 0. Calculate the remainder when 78 is divided by d.
12
Let o = 13 + -6. Suppose 27 = 3*f - 5*z + 5, 2*f = -z - o. What is the remainder when 41 is divided by (6 - -9)*(0 - f)?
11
Suppose 2*d = d - 2*o + 9, 4*o = -d + 15. Suppose p + d*p = 100. What is the remainder when 96 is divided by p?
21
Suppose -4*i + 124 - 68 = 0. What is the remainder when 95 is divided by i?
11
Suppose -59*n = -54*n - 290. Calculate the remainder when n is divided by 11.
3
Let r(l) = -l**3 + l - 24. Let y be r(0). Let d = 1 - -17. Calculate the remainder when (y/(-9))/(2/39) is divided by d.
16
Suppose -4615 = -14*g - 261. Calculate the remainder when g is divided by 81.
68
Suppose -3*c + 30*c - 8262 = 0. What is the remainder when c is divided by 22?
20
Let s be 40/6*15/10. Let y be (-3 - -1)/((-4)/s). Suppose -y*u + 144 = -71. What is the remainder when u is divided by 11?
10
Calculate the remainder when 2*(-15)/(-20)*2086/21 is divided by 31.
25
Let y(w) = 2*w**3 + w**2 - 3*w + 237. What is the remainder when y(0) is divided by 17?
16
Let b = 1094 + -982. What is the remainder when b is divided by 11?
2
Suppose 2*a = -2*a + 40. Suppose 123*s - 2869 = -28*s. Calculate the remainder when s is divided by a.
9
Suppose -2*f = 2*k - 38, f + 2*f = 2*k - 43. What is the remainder when k is divided by 92/8 + (-1)/2?
9
Let w = 23771 - 23728. Suppose 8 - 30 = -2*t. What is the remainder when w is divided by t?
10
Let m be 118/(-5) - (-4)/(-10). Let q = m - -29. Suppose -57 = -q*i - 3*d, 2*i - 2 = 4*i - 5*d. Calculate the remainder when i is divided by 3.
0
Suppose 2*w - 62 = -5*c, -w - 3*c - 12 + 45 = 0. Let f = -6 - -12. What is the remainder when w is divided by f?
3
Let p(f) = -2*f + 99. Calculate the remainder when p(19) is divided by 11.
6
Suppose 0 = 2*c - 4*c + 58. Suppose 17 = 2*d + j, -2*d - 5*j + 6 = 1. What is the remainder when c is divided by d?
9
Suppose -2*t = -3*t - 2*a + 49, -2*t + 83 = -a. Let b be (1 - 1/(-3))*(9 + 15). Suppose b = 3*l - 13. Calculate the remainder when t is divided by l.
13
Let t(j) = -13*j + 527. What is the remainder when 126 is divided by t(38)?
27
Suppose -2*n - 2*w = -0*n - 324, 3*w - 12 = 0. Calculate the remainder when n is divided by 18.
14
Let c(a) = -a**3 + 11*a**2 + 6*a + 8. What is the remainder when 143 is divided by c(11)?
69
Suppose -22*t = -4*t - 1584. Calculate the remainder when t is divided by 3.
1
Let g(k) = -k**3 - 14*k**2 - 2*k - 22. Let m be ((-14)/(-21))/(0 + 2/(-42)). Calculate the remainder when g(m) is divided by 4.
2
Suppose 6*l + 2 = 7*l. Let s be (-6)/((0 - l) + 1). Calculate the remainder when 4 - 1 - s - -58 is divided by 19.
17
Suppose 0*d = -4*q - 3*d + 35, -4*q - 5*d = -45. Calculate the remainder when 17 is divided by q.
2
Suppose 3*w + w = -2*k + 54, -w = 2*k - 15. What is the remainder when 542 is divided by w?
9
What is the remainder when ((-36)/12 + 8)/(2/50) is divided by 26?
21
Let x(j) = 4*j**2 + 3*j + 9. Let v(z) = 3*z**2 + 4*z + 8. Let i(s) = -5*v(s) + 4*x(s). Calculate the remainder when i(10) is divided by 9.
7
Let i(j) = 2*j**3 - 12*j**2 + 9*j + 19. What is the remainder when 1092 is divided by i(6)?
70
Suppose -p - 9 = -3*s, 0 = -4*p - p - 3*s + 9. Suppose 5*g + b - 165 = p, -6*g + 5*g = 5*b - 33. What is the remainder when g is divided by 5?
3
Let o be 2/5 - 1974/(-15). Let u = o - 91. Suppose a - u = 24. What is the remainder when a is divided by 17?
14
Let c = 77 + -117. Let p = c - -48. Calculate the remainder when 14 is divided by p.
6
Suppose -x + 6*p - 4*p = 0, 5*x + 2*p = -12. Calculate the remainder when 7 is divided by 4 - ((4 - 2) + x).
3
Suppose u = -5*d - 63, 9*d - 4*d - 152 = 4*u. Let q = -22 - u. What is the remainder when q is divided by 5?
1
Suppose -54 = 4*a - 3*d, a + 46 = -3*a - d. Let n = 15 - a. Let j = 21 - 11. Calculate the remainder when n is divided by j.
7
Let m be (-3)/(-7) + 8/(224/716). What is the remainder when 22 is divided by ((-136)/(-85))/(1 - m/30)?
10
Let p(h) = 2*h + 86. Let v be p(0). Let f = 7 - 2. Suppose g + 4*q - q = v, 0 = -f*g - q + 374. Calculate the remainder when g is divided by 19.
17
Let o = 7 - 4. Suppose -5*x + 19 = 2*h - 113, x - 32 = h. Let c = 35 - x. Calculate the remainder when c is divided by o.
1
Suppose -15*m + 23651 = 52*m. Calculate the remainder when m is divided by 51.
47
Let m be 12/(-16) - ((-90)/8)/3. Suppose -3*o + 0*y + 358 = -4*y, y - 338 = -m*o. Calculate the remainder when o is divided by 13.
10
Suppose 36 = 21*b - 1350. Calculate the remainder when 70 is divided by b.
4
Let s = 1310 + -1249. Calculate the remainder when s is divided by 32.
29
Suppose 4*c = -5*v + 32, -c + 6*v = v + 17. Suppose 0 = -4*a + d + 71, -c*a - 3*d + 82 = 2*d. What is the remainder when 34 is divided by a?
15
Suppose -16 = -3*h + 2*p, 2*p + 8 = -h + 6*p. What is the remainder when h is divided by 5?
3
Suppose -12 = 3*b, 3*x + 3*b - 48 = -0*b. Let j(n) = -n**3 + 4*n**2 + 9*n - 14. Calculate the remainder when x is divided by j(5).
2
Let o(g) = -3*g**3 - 2*g**2 - 2*g + 3. Let l be o(1). Suppose -5*j = -48 - 57. Let r = l + j. What is the remainder when 48 is divided by r?
14
Suppose 5*w - 5 = 0, w + 0*w = 2*d - 85. Suppose -d*p + 42*p = -7. What is the remainder when 26 is divided by p?
5
Let k be (-4)/12 - (-39)/9. Suppose -k*z - 2*g = -z - 89, 5*z + 4*g = 149. What is the remainder when 57 is divided by z?
28
Let y = 38 + -23. Let z = 1 - 11. Let u(q) = -q - 2. Calculate the remainder when y is divided by u(z).
7
Let r(b) = 4*b + 16. Let l be r(-7). Suppose -2*g = -g - 22. What is the remainder when g is divided by ((-6)/18*3)/(1/l)?
10
Suppose 0 = -0*h - 3*h - 15, -2*r - 15 = 5*h. Calculate the remainder when 23 is divided by (-9)/r*70/(-21).
5
Let w = -128 - -159. Calculate the remainder when 183 is divided by w.
28
Calculate the remainder when ((-3)/4)/(105/(-85960)) is divided by 158.
140
Let j = 3 - -4. What is the remainder when (-1